1*b + 57. Let l be p(21). Suppose -164*y - l = -180*y. Suppose -13 = -m + 5. What is the highest common divisor of y and m?
18
Let s be (-1 - 1) + (-2 - -7). Suppose 0 = 5*u - 98 + s. Let f(q) = 18*q**2 + 82*q - 458. Let o be f(-8). Calculate the greatest common factor of o and u.
19
Let f(d) = d - 84. Let w be f(30). Let o be ((-6)/3 + 66/(-12))*w. Calculate the greatest common factor of 90 and o.
45
Let l be -21*3/(-6)*14. Let s = 197 - 150. Suppose -j = -s + 26. What is the greatest common divisor of l and j?
21
Suppose -48 = 4*w + 184. Let i = 66 + w. What is the highest common divisor of 152 and i?
8
Let j = -13 + 40. Let z = 20736 - 20682. Calculate the highest common factor of j and z.
27
Let v = -4679 + 5160. What is the highest common factor of v and 91?
13
Let r(v) = v**3 - 6*v**2 - 14*v - 8. Let f be r(7). Let p = f - -61. Let a be (42/4)/(7/p + -1). Calculate the highest common divisor of a and 112.
14
Let n(s) = s**2 + 46*s + 363. Let v be n(-39). Calculate the highest common divisor of 102 and v.
6
Suppose 0 = -236*s + 240*s - 12. Suppose s*o - 237 = -3*f, o + 221 = -0*f + 3*f. Calculate the greatest common factor of 25 and f.
25
Suppose -v + 18 = 2*k, 29*k + 18 = 31*k + 2*v. What is the greatest common factor of k and 27?
9
Suppose -5*m - 4*g + 206 + 218 = 0, 2*m - g = 180. Let f = m - -37. What is the greatest common factor of 10 and f?
5
Let x = -7110 - -7145. Suppose 0 = 5*o - 2*g - 2*g - 97, -3*o + 4*g + 55 = 0. Calculate the highest common divisor of x and o.
7
Suppose 15 = j - 0*j. Let k be (3 - -14) + 2/1. Suppose -22*y = -k*y - 180. Calculate the highest common factor of y and j.
15
Let f be (-1439)/(-10) + 5/(-10) + (-8)/20. Calculate the highest common divisor of 1300 and f.
13
Let i be 118/295 + 0 + (-546)/(-10). Suppose 7*t = 12*t + 3*z - 136, -z = 2*t - i. Let q be (49 - -6)*(t/5 - 1). What is the highest common factor of q and 33?
33
Let p(u) = -4*u - 25. Let v be p(-15). Let m be ((-44)/16)/(-11) + v/4. What is the greatest common divisor of m and 30?
3
Suppose -3*x - 13 + 22 = 0. Suppose -x*o + 6 = -6. Suppose -z = -3*d - 6, 0 = o*z + 2*d - 3 - 7. What is the highest common factor of z and 12?
3
Suppose -5*h = 3*h - 5*h - 5871. What is the highest common divisor of h and 38?
19
Suppose 349*d - 348*d - 19 = 0. What is the highest common divisor of 646 and d?
19
Let l(x) = 3*x + 50. Let z be l(-16). Suppose 3*o = 5*f + 73, z*f = -5 - 5. Let b = -3 - -5. Calculate the highest common factor of o and b.
2
Let j = 6564 - 4672. What is the greatest common divisor of 989 and j?
43
Suppose -4*z = 4, -7*z + 6*z - 1 = -3*h. Suppose -19*m + h*m + 266 = 0. Calculate the highest common factor of 56 and m.
14
Let m(h) = -127*h + 63. Let p(i) = -63*i + 33. Let k(z) = -6*m(z) + 10*p(z). Let j be k(4). What is the greatest common factor of 32 and j?
32
Suppose 49*n - t - 25 = 47*n, -5*t = 5*n - 55. Let h(d) = 2*d + 2. Let b be h(5). Calculate the highest common divisor of n and b.
12
Let z(c) = 2*c**3 + 6*c**2 - 9*c + 13. Let v(g) = 8*g + 37. Let q be v(-4). Let p be z(q). Let k be (3/6)/(4/p). What is the highest common factor of k and 23?
23
Suppose -14*l = -5*l + 54. Let k = l - -14. Calculate the greatest common divisor of 40 and k.
8
Let n = 7438 - 4870. What is the greatest common divisor of 144 and n?
24
Let k be (3 - 1422/(-24))/((-3)/(-8)). Let n = k + -145. Calculate the greatest common factor of n and 21.
21
Let l(i) = -i**3 - 69*i**2 - 320*i + 25. Let f be l(-64). Suppose 5*w - w = 800. What is the highest common divisor of w and f?
25
Suppose 0 = -4*n - 5*m + 168, -45*n + 43*n + m = -84. What is the highest common factor of n and 777?
21
Let b(v) = -v**3 + 4*v**2 + 107*v + 3. Let q be b(12). Let c = 219 - q. Calculate the greatest common factor of c and 8.
4
Let p(o) be the third derivative of -7*o**2 + 0 - 1/8*o**4 + 0*o + 1/15*o**5 - 1/6*o**3. Let x be p(2). Calculate the greatest common factor of x and 72.
9
Let p = 142245 - 142177. Let f be 5/(70/(-204))*-7. What is the highest common divisor of p and f?
34
Let p = -3936 + 4993. Calculate the greatest common divisor of p and 7.
7
Let f(c) = -109*c - 4. Let g be f(-6). Let u = g - 298. Let v = -186 - -218. Calculate the highest common factor of v and u.
32
Let c = 92 - 88. Let h(z) = -z**2 + 6 - c*z - 12*z + 14*z. Let x be h(-3). What is the highest common divisor of 6 and x?
3
Suppose -11 - 334 = -5*m - 5*j, -2*m + 5*j = -145. What is the highest common divisor of m and 1785?
35
Let n be -1 + 28/26 - 110794/(-403). What is the highest common divisor of n and 319?
11
Let f = -50 - -116. Suppose 2*t + 3*t + 20 = 0. Let y(d) = 2*d**3 + 11*d**2 + 6*d - 2. Let s be y(t). What is the highest common factor of s and f?
22
Suppose 0*o + o = 38. Suppose -11853 + 11549 = -4*d. What is the highest common factor of o and d?
38
Suppose -30 = -5*y + 5. Let k(x) = -59 - y*x**2 + 37 + 38 + x**3. Let r be k(7). What is the highest common divisor of r and 144?
16
Suppose 9*z - 56*z + 42 + 945 = 0. Let r = -300 + 468. What is the highest common factor of z and r?
21
Let f = 5393 + -5387. Calculate the highest common divisor of f and 4146.
6
Suppose -4*q + 99 = 27. Let v be q/(-15)*520/(-12). Let o(p) = p**2 - 26*p - 494. Let i be o(39). Calculate the highest common divisor of i and v.
13
Let w = 45 + -20. Let y = w + -11. Suppose -93*i - 5*z + 82 = -91*i, 274 = 5*i + z. Calculate the greatest common factor of i and y.
14
Let m(s) = 4433*s + 22203. Let b be m(-5). Let i(c) = 34*c**2 - 2*c + 1. Let f be i(2). Calculate the highest common factor of f and b.
19
Let r be ((-756)/(-15))/(12*4/480). Calculate the highest common divisor of 54 and r.
18
Suppose 5*g = -0*g - 5*n - 270, -166 = 3*g + n. Let x = g - -105. Suppose x*o - 51*o = -120. Calculate the greatest common factor of 48 and o.
12
Suppose -19861 - 7974 = -293*m. What is the greatest common factor of 25 and m?
5
Let a = 4419 - 4387. Calculate the highest common divisor of a and 8224.
32
Let t(l) = -l**3 - 39*l**2 - 39*l - 33. Let c be t(-38). Let y(d) = d**3 - 3*d**2 - 4*d + 12. Let v be y(c). Calculate the highest common divisor of 147 and v.
21
Let x(t) = -13*t - 12. Let q(y) = 65*y + 61. Let c(s) = 2*q(s) + 11*x(s). Let w be c(-4). Calculate the greatest common factor of 112 and w.
14
Suppose 3*g + 30 = 4*g - 2*m, -5*g - 5*m = -180. Let z be (-6)/27 - (2 - 87/27). Suppose 84 = 5*n - z. What is the greatest common factor of n and g?
17
Let k = -16 - -9. Let v = -1 - k. Suppose -370*i = -346*i - 576. What is the highest common divisor of v and i?
6
Let x(m) = -m**3 + 18*m**2 + 18*m + 21. Let k be x(19). Let p be (-236)/(-8) - (-5)/k. Calculate the highest common factor of 128 and p.
32
Let d(c) = -12*c. Let q(w) = -w. Let r(z) = -d(z) + 9*q(z). Let v be r(9). Let s = 543 + -525. Calculate the greatest common factor of v and s.
9
Suppose 0 = 3*c - 4*y - 382, -3*c + 0*c - 2*y + 394 = 0. Suppose 450 = -6*s - 0. Let i = c + s. Calculate the highest common divisor of i and 5.
5
Let v(d) = -3*d**3 + 3*d + 13*d**2 + 4*d**3 + 7*d + 28 + 4*d. Let m be v(-12). What is the highest common factor of m and 8?
4
Let z = 9047 - 9040. What is the greatest common factor of 391 and z?
1
Suppose -481*i = -499*i + 7524. What is the greatest common factor of i and 26?
2
Suppose -37 - 260 = -3*h. Calculate the greatest common divisor of 693 and h.
99
Let m = 13649 - 13629. Calculate the highest common factor of 1475 and m.
5
Let h(w) = -3*w**2 + 3*w + 6. Let f be h(-6). Let c be ((-1)/(-3))/(11/5148). Let t = f + c. Calculate the highest common factor of 90 and t.
18
Suppose 0 = c - 3*h - 646, 4*c - 3*h - 1130 = 1427. Calculate the greatest common divisor of c and 98.
49
Suppose -12*c - 3*c - 49590 = -200475. What is the greatest common divisor of c and 21?
21
Let q = 1613 - 2365. Let n = q - -802. Calculate the highest common factor of 40 and n.
10
Let u be (-3)/(-6) - (-71)/(17/((-3094)/(-28))). What is the greatest common divisor of 378 and u?
42
Let h = -2273 + 3598. Calculate the greatest common factor of 50 and h.
25
Let l(i) = -3*i**2 - 2*i - 1. Let x be l(-1). Let t be -30*(6/x - -1). Let g = 12416 - 12392. Calculate the greatest common divisor of g and t.
12
Let c = -615 + 1372. Suppose -6*w = -449 - c. Let k = -131 + w. What is the hi